and 2220?
60
Calculate the highest common factor of 248 and 16.
8
What is the greatest common factor of 9100 and 35?
35
What is the highest common factor of 600 and 48?
24
Calculate the greatest common factor of 720 and 49320.
360
What is the highest common divisor of 3844 and 248?
124
What is the highest common divisor of 741 and 117?
39
Calculate the greatest common divisor of 3050 and 150.
50
Calculate the greatest common divisor of 351 and 81.
27
What is the highest common divisor of 14 and 1939?
7
What is the greatest common divisor of 19214 and 78?
26
Calculate the highest common divisor of 25 and 425.
25
Calculate the greatest common factor of 110 and 880.
110
Calculate the highest common divisor of 9 and 92268.
9
What is the highest common divisor of 1452 and 24?
12
Calculate the highest common divisor of 10 and 542.
2
What is the highest common factor of 56 and 9464?
56
Calculate the highest common factor of 58 and 377.
29
Calculate the highest common divisor of 7 and 112.
7
Calculate the greatest common factor of 210 and 84.
42
What is the greatest common factor of 10 and 174610?
10
Calculate the greatest common divisor of 323 and 51.
17
What is the greatest common divisor of 134 and 12?
2
What is the highest common factor of 980 and 3640?
140
Calculate the highest common divisor of 288 and 512.
32
What is the greatest common divisor of 57 and 33288?
57
What is the highest common divisor of 5 and 3?
1
What is the greatest common divisor of 35 and 120?
5
Calculate the highest common divisor of 450 and 162.
18
Calculate the highest common divisor of 1192 and 16.
8
Calculate the greatest common divisor of 36 and 30.
6
Calculate the highest common factor of 1476 and 9.
9
What is the greatest common factor of 946 and 86?
86
Calculate the greatest common factor of 34 and 2227.
17
Calculate the greatest common factor of 122 and 6.
2
What is the greatest common divisor of 901 and 53?
53
What is the highest common factor of 22 and 275?
11
What is the highest common factor of 594 and 22?
22
What is the highest common factor of 1876 and 28?
28
What is the greatest common divisor of 404 and 1919?
101
Calculate the highest common divisor of 149 and 149.
149
What is the greatest common factor of 6084 and 270?
18
Calculate the greatest common factor of 4760 and 200.
40
What is the highest common divisor of 19600 and 56?
56
What is the highest common divisor of 126 and 140?
14
Calculate the greatest common factor of 388 and 4.
4
Calculate the highest common factor of 294 and 196.
98
Calculate the greatest common divisor of 423 and 94.
47
Calculate the highest common divisor of 361 and 62453.
361
Calculate the greatest common factor of 220 and 3564.
44
What is the greatest common divisor of 273 and 105?
21
Calculate the highest common divisor of 195 and 481.
13
Calculate the greatest common factor of 325 and 104.
13
What is the greatest common factor of 9 and 43317?
9
Calculate the highest common divisor of 134 and 15142.
134
Calculate the highest common factor of 35 and 413.
7
What is the greatest common factor of 285 and 513?
57
Calculate the highest common factor of 979 and 33.
11
Calculate the greatest common divisor of 1711 and 118.
59
Calculate the greatest common divisor of 35 and 119.
7
Calculate the greatest common divisor of 56 and 420.
28
What is the highest common divisor of 24 and 11148?
12
What is the greatest common factor of 651 and 126?
21
Calculate the highest common divisor of 215 and 172.
43
Calculate the highest common factor of 202 and 707.
101
Calculate the highest common divisor of 43744 and 8.
8
Calculate the greatest common factor of 243 and 198.
9
Calculate the highest common factor of 1 and 36.
1
What is the highest common factor of 88 and 154?
22
What is the highest common factor of 312 and 1677?
39
Calculate the greatest common factor of 58 and 319.
29
Calculate the greatest common divisor of 234 and 182.
26
What is the highest common divisor of 1560 and 96?
24
What is the highest common factor of 41520 and 180?
60
What is the greatest common factor of 2480 and 80?
80
What is the greatest common divisor of 1820 and 140?
140
Calculate the greatest common factor of 305 and 114375.
305
What is the highest common factor of 10191 and 129?
129
Calculate the greatest common factor of 1517 and 41.
41
Calculate the greatest common divisor of 3 and 9.
3
What is the highest common divisor of 1232 and 77?
77
What is the greatest common factor of 33 and 66?
33
Calculate the highest common factor of 2 and 8.
2
Calculate the greatest common factor of 2166 and 342.
114
What is the highest common factor of 57 and 57?
57
What is the greatest common divisor of 560 and 880?
80
What is the highest common factor of 7475 and 65?
65
What is the highest common factor of 129 and 6?
3
What is the greatest common factor of 126 and 1050?
42
Calculate the highest common factor of 3537 and 54.
27
Calculate the greatest common factor of 38 and 8.
2
What is the highest common divisor of 1380 and 667?
23
Calculate the highest common factor of 74 and 74.
74
What is the greatest common divisor of 140 and 504?
28
What is the greatest common factor of 4 and 116?
4
Calculate the greatest common divisor of 816 and 160.
16
Calculate the highest common divisor of 198 and 374.
22
What is the greatest common factor of 54 and 42?
6
What is the greatest common factor of 44 and 253?
11
What is the greatest common factor of 177 and 2537?
59
Calculate the greatest common divisor of 377 and 13.
13
Calculate the greatest common factor of 2041 and 13.
13
Calculate the greatest common divisor of 20 and 100.
20
Calculate the greatest common factor of 228 and 36.
12
Calculate the highest common factor of 27777 and 141.
141
What is the highest common divisor of 7 and 15?
1
Calculate the greatest common divisor of 981 and 81.
9
Calculate the highest common divisor of 55 and 40.
5
Calculate the highest common factor of 3047 and 11.
11
Calculate the greatest common factor of 405 and 495.
45
What is the highest common divisor of 3582 and 342?
18
Calculate the highest common factor of 525 and 15.
15
Calculate the greatest common factor of 520 and 40.
40
What is the greatest common divisor of 6562 and 272?
34
What is the highest common factor of 272 and 80?
16
What is the highest common divisor of 375 and 285?
15
What is the greatest common divisor of 1715 and 70?
35
What is the greatest common factor of 104 and 156?
52
What is the greatest common factor of 65 and 117?
13
Calculate the highest common divisor of 64 and 9024.
64
What is the greatest common divisor of 510 and 120?
30
Calculate the greatest common factor of 84471 and 111.
111
What is the greatest common divisor of 3912 and 84?
12
Calculate the greatest common divisor of 2970 and 2310.
330
Calculate the highest common divisor of 3744 and 702.
234
Calculate the highest common divisor of 2040 and 60.
60
Calculate the greatest common divisor of 12 and 600.
12
What is the highest common factor of 232 and 8?
8
What is the greatest common factor of 725 and 75?
25
What is the greatest common divisor of 17717 and 21?
7
Calculate the greatest common divisor of 1410 and 2585.
235
What is the highest common factor of 64 and 256?
64
Calculate the highest common divisor of 611 and 26.
13
Calculate the highest common factor of 976 and 305.
61
What is the greatest common divisor of 65 and 325?
65
What is the highest common factor of 1377 and 663?
51
Calculate the highest common divisor of 2 and 332.
2
Calculate the greatest common divisor of 135 and 445.
5
What is the greatest common factor of 32 and 2168?
8
What is the highest common factor of 10857 and 231?
231
What is the greatest common factor of 270 and 70?
10
What is the greatest common factor of 112 and 4648?
56
Calculate the highest common factor of 330 and 2838.
66
What is the greatest common divisor of 2 and 194?
2
What is the greatest common factor of 80 and 2740?
20
What is the greatest common divisor of 517 and 3901?
47
Calculate the greatest common divisor of 25 and 20.
5
Calculate the greatest common divisor of 97 and 2813.
97
Calculate the greatest common divisor of 42 and 378.
42
Calculate the highest common factor of 140 and 5020.
20
Calculate the highest common